{"id":254,"date":"2020-06-28T22:40:06","date_gmt":"2020-06-28T20:40:06","guid":{"rendered":"http:\/\/terre-de-vie.org\/?page_id=254"},"modified":"2025-05-12T11:20:07","modified_gmt":"2025-05-12T09:20:07","slug":"tenminak-n-temet","status":"publish","type":"page","link":"https:\/\/terre-de-vie.org\/index.php\/les-actions\/niger\/tenminak-n-temet\/","title":{"rendered":"Tenminak N Temet"},"content":{"rendered":"\t\t<div data-elementor-type=\"wp-page\" data-elementor-id=\"254\" class=\"elementor elementor-254\">\n\t\t\t\t\t\t<section class=\"elementor-section elementor-top-section elementor-element elementor-element-2ca8c19 elementor-section-boxed elementor-section-height-default elementor-section-height-default\" data-id=\"2ca8c19\" data-element_type=\"section\">\n\t\t\t\t\t\t<div class=\"elementor-container elementor-column-gap-default\">\n\t\t\t\t\t<div class=\"elementor-column elementor-col-33 elementor-top-column elementor-element elementor-element-9fefe7c\" data-id=\"9fefe7c\" data-element_type=\"column\">\n\t\t\t<div class=\"elementor-widget-wrap elementor-element-populated\">\n\t\t\t\t\t\t<div class=\"elementor-element elementor-element-5d50cea elementor-widget elementor-widget-text-editor\" data-id=\"5d50cea\" data-element_type=\"widget\" data-widget_type=\"text-editor.default\">\n\t\t\t\t<div class=\"elementor-widget-container\">\n\t\t\t\t\t\t\t\t\t<p><img fetchpriority=\"high\" decoding=\"async\" width=\"1024\" height=\"576\" class=\"wp-image-442\" src=\"https:\/\/terre-de-vie.org\/wp-content\/uploads\/2020\/10\/NIG-TNT1-1-1024x576.jpg\" alt=\"\" srcset=\"https:\/\/terre-de-vie.org\/wp-content\/uploads\/2020\/10\/NIG-TNT1-1-1024x576.jpg 1024w, https:\/\/terre-de-vie.org\/wp-content\/uploads\/2020\/10\/NIG-TNT1-1-300x169.jpg 300w, https:\/\/terre-de-vie.org\/wp-content\/uploads\/2020\/10\/NIG-TNT1-1-768x432.jpg 768w, https:\/\/terre-de-vie.org\/wp-content\/uploads\/2020\/10\/NIG-TNT1-1-206x116.jpg 206w, https:\/\/terre-de-vie.org\/wp-content\/uploads\/2020\/10\/NIG-TNT1-1.jpg 1032w\" sizes=\"(max-width: 1024px) 100vw, 1024px\" \/><\/p>\t\t\t\t\t\t\t\t<\/div>\n\t\t\t\t<\/div>\n\t\t\t\t\t<\/div>\n\t\t<\/div>\n\t\t\t\t<div class=\"elementor-column elementor-col-66 elementor-top-column elementor-element elementor-element-216e0a8\" data-id=\"216e0a8\" data-element_type=\"column\">\n\t\t\t<div class=\"elementor-widget-wrap elementor-element-populated\">\n\t\t\t\t\t\t<div class=\"elementor-element elementor-element-005dae2 elementor-widget elementor-widget-text-editor\" data-id=\"005dae2\" data-element_type=\"widget\" data-widget_type=\"text-editor.default\">\n\t\t\t\t<div class=\"elementor-widget-container\">\n\t\t\t\t\t\t\t\t\t<p><strong>Dans le d\u00e9sert du <\/strong><strong>Niger, au pied des monts de l\u2019A\u00efr, un peuple touareg <\/strong><strong>a \u00e9t\u00e9 oblig\u00e9 de se<\/strong><strong> s\u00e9dentaris<\/strong><strong>er<\/strong><strong> dans le village de Tchindounan. <\/strong><strong>E<\/strong><strong>n constatant la grande pr\u00e9carit\u00e9, dans laquelle beaucoup d\u2019entre eux vivent, ils <\/strong><strong>ont<\/strong><strong> cr\u00e9<\/strong><strong>\u00e9<\/strong><strong> l\u2019association Tenminak N Temet pour aider les plus vuln\u00e9rables et faire des actions de d\u00e9veloppement <\/strong><strong>dans leurs villages<\/strong><strong>. Hazado un des leader de l\u2019action et Issoufou, le secr\u00e9taire g\u00e9n\u00e9ral, sont les interlocuteurs de Tenminak N Temet avec TDV.<\/strong><\/p>\n<p><strong>Des talents ancestraux au service de tous. <\/strong>Pour vivre, ces anciens nomades bijoutiers de tradition, fabriquent artisanalement des bijoux que l\u2019association revend en France, le tourisme ayant quasiment disparu au Niger, du fait de la grande ins\u00e9curit\u00e9. Les fruits de ces ventes sont utilis\u00e9s dans un esprit fraternel puisqu\u2019ils sont gard\u00e9s pour une caisse solidaire. \u00ab&nbsp;<em>Avec l\u2019argent de cette caisse, on peut payer les frais de sant\u00e9 ou la nourriture pour les plus pauvres d\u2019entre-nous. On peut aussi payer l\u2019enseignant pour l\u2019\u00e9cole du village <\/em>\u00bb, explique Hazado.<\/p>\n<p><\/p>\t\t\t\t\t\t\t\t<\/div>\n\t\t\t\t<\/div>\n\t\t\t\t\t<\/div>\n\t\t<\/div>\n\t\t\t\t\t<\/div>\n\t\t<\/section>\n\t\t\t\t<section class=\"elementor-section elementor-top-section elementor-element elementor-element-5322768 elementor-section-boxed elementor-section-height-default elementor-section-height-default\" data-id=\"5322768\" data-element_type=\"section\">\n\t\t\t\t\t\t<div class=\"elementor-container elementor-column-gap-default\">\n\t\t\t\t\t<div class=\"elementor-column elementor-col-100 elementor-top-column elementor-element elementor-element-48f16eb\" data-id=\"48f16eb\" data-element_type=\"column\">\n\t\t\t<div class=\"elementor-widget-wrap elementor-element-populated\">\n\t\t\t\t\t\t<div class=\"elementor-element elementor-element-3b54807 elementor-widget elementor-widget-text-editor\" data-id=\"3b54807\" data-element_type=\"widget\" data-widget_type=\"text-editor.default\">\n\t\t\t\t<div class=\"elementor-widget-container\">\n\t\t\t\t\t\t\t\t\t<p><strong>Inondations d\u00e9vastatrices et troupeaux d\u00e9vast\u00e9s. <\/strong>Les violentes inondations de 2018 ont d\u00e9vast\u00e9 les villages autour de Tchindounan, emport\u00e9 une femme et son enfant, arrach\u00e9 et souill\u00e9 les tentes, an\u00e9anti les r\u00e9serves de nourriture, d\u00e9truit l\u2019\u00e9cole.Une grande partie du b\u00e9tail (90% des animaux) a \u00e9galement \u00e9t\u00e9 emport\u00e9e par les eaux, ce qui a p\u00e9nalis\u00e9 lourdement les familles en terme de nourriture et de ressources financi\u00e8res pour les autres besoins.<\/p><p><strong>La fermeture des fronti\u00e8res (Covid-19) a rajout\u00e9 de graves impacts sur les populations, notamment les plus pauvres. <\/strong>Les mesures politiques prises contre la pand\u00e9mie de Covid-19 ont beaucoup impact\u00e9 ce pays, totalement d\u00e9pendant de l\u2019importation. Les prix de la nourriture ont flamb\u00e9\u00a0: Issoufou fait le point\u00a0: \u00ab\u00a0<em>en janvier le prix du sac de riz a augment\u00e9 de 50\u00a0% et celui du sac de mil de 20\u00a0%. Aujourd\u2019hui le prix du mil est presque revenu \u00e0 la normale, mais celui du riz reste \u00e0 20\u00a0% au dessus de la norme<\/em>\u00a0\u00bb.<\/p><p><strong>Impossibilit\u00e9<\/strong> <strong>de vendre les bijoux<\/strong> L\u2019autre cons\u00e9quence tr\u00e8s grave fut l\u2019impossibilit\u00e9 pour les vendeurs touaregs de venir en France pour leur vendre des bijoux, et sans cet apport la communaut\u00e9 n\u2019a pas de rentr\u00e9e d\u2019argent et ne peut plus subvenir aux besoins des habitants les plus vuln\u00e9rables<em><strong>. <\/strong><\/em>Hazado<em><u>, <\/u><\/em>partage son inqui\u00e9tude:\u00a0\u00ab\u00a0<em>les parents \u00e9conomisent sans cesse la quantit\u00e9 de nourriture afin que les r\u00e9serves ne finissent pas. Les enfants et leurs parents <\/em><em>ne<\/em><em> mangent <\/em><em>pas \u00e0 leur faim (1 ou deux tasses par jour).<\/em><\/p><p><strong>\u00a0<\/strong><\/p>\t\t\t\t\t\t\t\t<\/div>\n\t\t\t\t<\/div>\n\t\t\t\t\t<\/div>\n\t\t<\/div>\n\t\t\t\t\t<\/div>\n\t\t<\/section>\n\t\t\t\t<section class=\"elementor-section elementor-top-section elementor-element elementor-element-94a1175 elementor-section-boxed elementor-section-height-default elementor-section-height-default\" data-id=\"94a1175\" data-element_type=\"section\">\n\t\t\t\t\t\t<div class=\"elementor-container elementor-column-gap-default\">\n\t\t\t\t\t<div class=\"elementor-column elementor-col-66 elementor-top-column elementor-element elementor-element-05cc784\" data-id=\"05cc784\" data-element_type=\"column\">\n\t\t\t<div class=\"elementor-widget-wrap elementor-element-populated\">\n\t\t\t\t\t\t<div class=\"elementor-element elementor-element-b0d95d3 elementor-widget elementor-widget-text-editor\" data-id=\"b0d95d3\" data-element_type=\"widget\" data-widget_type=\"text-editor.default\">\n\t\t\t\t<div class=\"elementor-widget-container\">\n\t\t\t\t\t\t\t\t\t<p><strong>L&rsquo;urgence de l&rsquo;aide alimentaire <\/strong>: Issoufou constate\u00a0: <em>\u00ab il est devenu impossible de vendre, ni bijoux, ni b\u00eates, ni fromages, ni lait\u00a0, les gens n&rsquo;ont plus rien\u00bb. <\/em>Pour r\u00e9pondre au besoin urgent de cette population sans ressource, Terre de vie a d\u00fb envoyer r\u00e9guli\u00e8rement de l&rsquo;aide alimentaire depuis un an pour simplement \u00e9viter aux gens de mourir. Cette aide devra durer jusqu\u2019en juin, et tr\u00e8s probablement \u00eatre renouvel\u00e9e jusqu&rsquo;en septembre, l\u2019\u00e9t\u00e9 correspondant \u00e0 la p\u00e9riode de soudure durant laquelle la nourriture est la plus rare et la plus co\u00fbteuse.<\/p><p><strong>Trouver des solutions pour vivre ! <\/strong><\/p><p>Ces nomades r\u00e9cemment install\u00e9s sont rest\u00e9s des pasteurs ayant toujours v\u00e9cu avec des troupeaux. Les ch\u00e8vres et brebis ont \u00e9t\u00e9 d\u00e9cim\u00e9es par les p\u00e9riodes de fortes inondations qui ont aussi d\u00e9truit des puits, ce qui n&rsquo;a pas permis d&rsquo;abreuver les b\u00eates qui restaient.\u00a0<\/p><p>Ces troupeaux d\u00e9cim\u00e9s c&rsquo;est tout leur savoir faire pour vivre qui ne peut plus s&rsquo;exercer. Apr\u00e8s bien des \u00e9changes entre villageois, il leur est paru \u00e9vident que la survie passait \u00e0 nouveau par un petit troupeau familial, d&rsquo;autant plus que le nouveau puits d\u00e9j\u00e0 financ\u00e9 en partie par Terre de Vie permettra d&rsquo;avoir de l&rsquo;eau suffisamment<\/p><p><strong>Des petits troupeaux de ch\u00e8vres<\/strong> permettront aux villageois de ne pas tomber dans une pr\u00e9carit\u00e9 plus profonde : ils jouent un r\u00f4le essentiel \u00e0 diff\u00e9rents niveaux. Celui, d\u2019abord, de nourrir les enfants gr\u00e2ce au lait des femelles permettant ainsi d\u2019\u00e9quilibrer leurs repas souvent carenc\u00e9s. Le lait permet \u00e9galement la production de fromage.\u00a0<\/p><p>Les ch\u00e8vres ont \u00e9galement un r\u00f4le \u00ab\u00a0d\u2019\u00e9pargne\u00a0\u00bb important. Une b\u00eate, ou les fromages, peuvent \u00eatre vendus ou troqu\u00e9s (syst\u00e8me courant) sur le march\u00e9 contre des sacs de nourriture. Pour se soigner, il est n\u00e9cessaire de vendre pour payer des soins avec de l\u2019argent en esp\u00e8ces, le troc n\u2019\u00e9tant pas autoris\u00e9 dans les centres de sant\u00e9.<\/p><p>Hazado et les autres leaders de la communaut\u00e9 sont unanimes\u00a0: \u00ab\u00a0<em>les villageois resteront dans cette pr\u00e9carit\u00e9 tant qu\u2019ils n\u2019auront pas de nouveau cheptel. Beaucoup de familles ont tout perdu<\/em> \u00bb.<\/p><p><strong>Devant cette situation, Terre de Vie a accept\u00e9 de financer le r\u00e9tablissement d\u2019un cheptel \u00e0 une trentaine de familles. Celles qui sont les plus pr\u00e9caires auront neuf animaux, les autres moins.<\/strong><\/p><p><strong>Une ch\u00e8vre co\u00fbte 42\u20ac, une brebis 46\u20ac. Le co\u00fbt total de cette action est de 9 627,89\u20ac<\/strong><\/p>\t\t\t\t\t\t\t\t<\/div>\n\t\t\t\t<\/div>\n\t\t\t\t\t<\/div>\n\t\t<\/div>\n\t\t\t\t<div class=\"elementor-column elementor-col-33 elementor-top-column elementor-element elementor-element-caf98aa\" data-id=\"caf98aa\" data-element_type=\"column\">\n\t\t\t<div class=\"elementor-widget-wrap elementor-element-populated\">\n\t\t\t\t\t\t<div class=\"elementor-element elementor-element-e93eafe elementor-widget elementor-widget-text-editor\" data-id=\"e93eafe\" data-element_type=\"widget\" data-widget_type=\"text-editor.default\">\n\t\t\t\t<div class=\"elementor-widget-container\">\n\t\t\t\t\t\t\t\t\t<p><img decoding=\"async\" width=\"576\" height=\"1024\" class=\"wp-image-441\" src=\"https:\/\/terre-de-vie.org\/wp-content\/uploads\/2020\/10\/NIG-TNT-1-576x1024.jpg\" alt=\"\" srcset=\"https:\/\/terre-de-vie.org\/wp-content\/uploads\/2020\/10\/NIG-TNT-1-576x1024.jpg 576w, https:\/\/terre-de-vie.org\/wp-content\/uploads\/2020\/10\/NIG-TNT-1-169x300.jpg 169w, https:\/\/terre-de-vie.org\/wp-content\/uploads\/2020\/10\/NIG-TNT-1-65x116.jpg 65w, https:\/\/terre-de-vie.org\/wp-content\/uploads\/2020\/10\/NIG-TNT-1.jpg 581w\" sizes=\"(max-width: 576px) 100vw, 576px\" \/><\/p>\t\t\t\t\t\t\t\t<\/div>\n\t\t\t\t<\/div>\n\t\t\t\t\t<\/div>\n\t\t<\/div>\n\t\t\t\t\t<\/div>\n\t\t<\/section>\n\t\t\t\t<section class=\"elementor-section elementor-top-section elementor-element elementor-element-bbf5c4c elementor-section-boxed elementor-section-height-default elementor-section-height-default\" data-id=\"bbf5c4c\" data-element_type=\"section\">\n\t\t\t\t\t\t<div class=\"elementor-container elementor-column-gap-default\">\n\t\t\t\t\t<div class=\"elementor-column elementor-col-100 elementor-top-column elementor-element elementor-element-e4b1208\" data-id=\"e4b1208\" data-element_type=\"column\">\n\t\t\t<div class=\"elementor-widget-wrap elementor-element-populated\">\n\t\t\t\t\t\t<div class=\"elementor-element elementor-element-6f00a0e elementor-align-center elementor-widget elementor-widget-button\" data-id=\"6f00a0e\" data-element_type=\"widget\" data-widget_type=\"button.default\">\n\t\t\t\t<div class=\"elementor-widget-container\">\n\t\t\t\t\t\t\t\t\t<div class=\"elementor-button-wrapper\">\n\t\t\t\t\t<a class=\"elementor-button elementor-button-link elementor-size-sm\" href=\"https:\/\/terre-de-vie.org\/index.php\/donner\/\">\n\t\t\t\t\t\t<span class=\"elementor-button-content-wrapper\">\n\t\t\t\t\t\t\t\t\t<span class=\"elementor-button-text\">Faire un don<\/span>\n\t\t\t\t\t<\/span>\n\t\t\t\t\t<\/a>\n\t\t\t\t<\/div>\n\t\t\t\t\t\t\t\t<\/div>\n\t\t\t\t<\/div>\n\t\t\t\t\t<\/div>\n\t\t<\/div>\n\t\t\t\t\t<\/div>\n\t\t<\/section>\n\t\t\t\t<\/div>\n\t\t","protected":false},"excerpt":{"rendered":"<p>Dans le d\u00e9sert du Niger, au pied des monts de l\u2019A\u00efr, un peuple touareg a \u00e9t\u00e9 oblig\u00e9 de se s\u00e9dentariser dans le village de Tchindounan. En constatant la grande pr\u00e9carit\u00e9, dans laquelle beaucoup d\u2019entre eux vivent, ils ont cr\u00e9\u00e9 l\u2019association Tenminak N Temet pour aider les plus vuln\u00e9rables et faire des actions de d\u00e9veloppement dans [&hellip;]<\/p>\n","protected":false},"author":1,"featured_media":0,"parent":208,"menu_order":0,"comment_status":"closed","ping_status":"closed","template":"","meta":{"ocean_post_layout":"full-width","ocean_both_sidebars_style":"","ocean_both_sidebars_content_width":0,"ocean_both_sidebars_sidebars_width":0,"ocean_sidebar":"0","ocean_second_sidebar":"0","ocean_disable_margins":"enable","ocean_add_body_class":"","ocean_shortcode_before_top_bar":"","ocean_shortcode_after_top_bar":"","ocean_shortcode_before_header":"","ocean_shortcode_after_header":"","ocean_has_shortcode":"","ocean_shortcode_after_title":"","ocean_shortcode_before_footer_widgets":"","ocean_shortcode_after_footer_widgets":"","ocean_shortcode_before_footer_bottom":"","ocean_shortcode_after_footer_bottom":"","ocean_display_top_bar":"default","ocean_display_header":"default","ocean_header_style":"","ocean_center_header_left_menu":"0","ocean_custom_header_template":"0","ocean_custom_logo":0,"ocean_custom_retina_logo":0,"ocean_custom_logo_max_width":0,"ocean_custom_logo_tablet_max_width":0,"ocean_custom_logo_mobile_max_width":0,"ocean_custom_logo_max_height":0,"ocean_custom_logo_tablet_max_height":0,"ocean_custom_logo_mobile_max_height":0,"ocean_header_custom_menu":"0","ocean_menu_typo_font_family":"0","ocean_menu_typo_font_subset":"","ocean_menu_typo_font_size":0,"ocean_menu_typo_font_size_tablet":0,"ocean_menu_typo_font_size_mobile":0,"ocean_menu_typo_font_size_unit":"px","ocean_menu_typo_font_weight":"","ocean_menu_typo_font_weight_tablet":"","ocean_menu_typo_font_weight_mobile":"","ocean_menu_typo_transform":"","ocean_menu_typo_transform_tablet":"","ocean_menu_typo_transform_mobile":"","ocean_menu_typo_line_height":0,"ocean_menu_typo_line_height_tablet":0,"ocean_menu_typo_line_height_mobile":0,"ocean_menu_typo_line_height_unit":"","ocean_menu_typo_spacing":0,"ocean_menu_typo_spacing_tablet":0,"ocean_menu_typo_spacing_mobile":0,"ocean_menu_typo_spacing_unit":"","ocean_menu_link_color":"","ocean_menu_link_color_hover":"","ocean_menu_link_color_active":"","ocean_menu_link_background":"","ocean_menu_link_hover_background":"","ocean_menu_link_active_background":"","ocean_menu_social_links_bg":"","ocean_menu_social_hover_links_bg":"","ocean_menu_social_links_color":"","ocean_menu_social_hover_links_color":"","ocean_disable_title":"default","ocean_disable_heading":"default","ocean_post_title":"","ocean_post_subheading":"","ocean_post_title_style":"","ocean_post_title_background_color":"","ocean_post_title_background":0,"ocean_post_title_bg_image_position":"","ocean_post_title_bg_image_attachment":"","ocean_post_title_bg_image_repeat":"","ocean_post_title_bg_image_size":"","ocean_post_title_height":0,"ocean_post_title_bg_overlay":0.5,"ocean_post_title_bg_overlay_color":"","ocean_disable_breadcrumbs":"default","ocean_breadcrumbs_color":"","ocean_breadcrumbs_separator_color":"","ocean_breadcrumbs_links_color":"","ocean_breadcrumbs_links_hover_color":"","ocean_display_footer_widgets":"default","ocean_display_footer_bottom":"default","ocean_custom_footer_template":"0","footnotes":""},"featured_image_src":null,"_links":{"self":[{"href":"https:\/\/terre-de-vie.org\/index.php\/wp-json\/wp\/v2\/pages\/254"}],"collection":[{"href":"https:\/\/terre-de-vie.org\/index.php\/wp-json\/wp\/v2\/pages"}],"about":[{"href":"https:\/\/terre-de-vie.org\/index.php\/wp-json\/wp\/v2\/types\/page"}],"author":[{"embeddable":true,"href":"https:\/\/terre-de-vie.org\/index.php\/wp-json\/wp\/v2\/users\/1"}],"replies":[{"embeddable":true,"href":"https:\/\/terre-de-vie.org\/index.php\/wp-json\/wp\/v2\/comments?post=254"}],"version-history":[{"count":15,"href":"https:\/\/terre-de-vie.org\/index.php\/wp-json\/wp\/v2\/pages\/254\/revisions"}],"predecessor-version":[{"id":1110,"href":"https:\/\/terre-de-vie.org\/index.php\/wp-json\/wp\/v2\/pages\/254\/revisions\/1110"}],"up":[{"embeddable":true,"href":"https:\/\/terre-de-vie.org\/index.php\/wp-json\/wp\/v2\/pages\/208"}],"wp:attachment":[{"href":"https:\/\/terre-de-vie.org\/index.php\/wp-json\/wp\/v2\/media?parent=254"}],"curies":[{"name":"wp","href":"https:\/\/api.w.org\/{rel}","templated":true}]}}